 the greatest common divisor of 496027 and 10284120.
2597
What is the highest common factor of 4825198833 and 13?
13
What is the greatest common factor of 2255 and 11800745?
55
Calculate the highest common divisor of 15617 and 2474087.
161
Calculate the highest common divisor of 2477954496 and 48.
48
What is the greatest common factor of 5643 and 3278484?
99
Calculate the greatest common factor of 236 and 7349276.
236
What is the greatest common divisor of 62 and 23105912?
62
Calculate the greatest common divisor of 1942398 and 6.
6
What is the greatest common divisor of 17460 and 1933695?
4365
What is the greatest common factor of 35 and 81967550?
35
What is the highest common factor of 5493135 and 3?
3
What is the greatest common divisor of 6804 and 4315083192?
6804
What is the greatest common factor of 3066 and 117138?
42
What is the highest common divisor of 744368 and 32?
16
Calculate the greatest common factor of 5066 and 19360613.
149
Calculate the greatest common factor of 5492 and 221438813.
1373
Calculate the greatest common divisor of 9114957 and 221472.
6921
What is the highest common divisor of 7330147 and 30987?
3443
What is the highest common divisor of 2526453266 and 982?
982
Calculate the greatest common factor of 9272 and 25575592.
488
What is the greatest common divisor of 494296 and 5576?
328
Calculate the greatest common factor of 1463 and 3015331.
11
Calculate the highest common factor of 1533657 and 799.
47
What is the greatest common divisor of 181931760 and 5535?
1845
Calculate the highest common divisor of 7430 and 3680.
10
What is the highest common divisor of 24 and 66427960?
8
What is the highest common factor of 1113 and 5709690?
1113
Calculate the highest common divisor of 7338916 and 20544.
428
Calculate the highest common factor of 980930 and 12582.
466
Calculate the greatest common factor of 639772406 and 1157.
1157
What is the highest common divisor of 6555 and 2651670?
345
Calculate the highest common divisor of 368983764 and 432.
36
What is the highest common divisor of 66906 and 21122?
118
Calculate the highest common factor of 893623 and 7726879.
2819
What is the highest common divisor of 7907628 and 84?
12
What is the highest common factor of 189252 and 35322?
42
Calculate the highest common factor of 825 and 15146725.
275
Calculate the greatest common factor of 55 and 131395.
55
Calculate the highest common divisor of 305097927 and 3.
3
Calculate the greatest common factor of 221415 and 156165.
435
Calculate the greatest common divisor of 3376477 and 13.
13
What is the highest common factor of 1736775 and 95201?
2573
What is the greatest common factor of 7259164 and 20416?
1276
Calculate the greatest common divisor of 189240 and 979898.
166
What is the greatest common factor of 1862 and 2954?
14
What is the highest common factor of 216306 and 528354?
3546
Calculate the highest common divisor of 21106338 and 132.
66
Calculate the greatest common factor of 1023 and 23894211.
1023
Calculate the greatest common factor of 25192140 and 188985.
4395
Calculate the greatest common factor of 2928 and 406032.
48
What is the highest common factor of 13272810 and 90?
30
What is the greatest common factor of 797634 and 1350?
54
Calculate the highest common factor of 465955 and 203.
7
What is the greatest common divisor of 458 and 4103909?
229
What is the greatest common divisor of 378 and 107842266?
378
What is the highest common divisor of 98136 and 123739344?
3384
Calculate the greatest common divisor of 9174 and 1066686.
834
Calculate the highest common divisor of 86124990 and 3.
3
What is the highest common factor of 552 and 39785768?
184
What is the greatest common divisor of 203588 and 17424?
44
What is the highest common factor of 49104172 and 552?
92
What is the greatest common factor of 317705550 and 300?
150
Calculate the greatest common divisor of 68451240 and 936.
312
Calculate the greatest common factor of 4838340 and 3000.
60
Calculate the highest common divisor of 22100369 and 2248.
281
What is the greatest common divisor of 8722 and 205056?
178
What is the greatest common factor of 9529700 and 14446?
466
Calculate the highest common divisor of 789740064 and 64.
32
Calculate the greatest common factor of 12604767 and 4668.
1167
What is the greatest common divisor of 6757 and 10843354?
233
What is the greatest common factor of 33701 and 1674487?
503
What is the greatest common factor of 128933350 and 145600?
4550
What is the highest common divisor of 21397063 and 111?
37
What is the greatest common factor of 203311558 and 7516?
3758
Calculate the highest common divisor of 58478238 and 585.
117
What is the greatest common factor of 9889 and 591107?
319
Calculate the greatest common divisor of 9912542 and 172790.
934
What is the highest common factor of 4257 and 12875808?
33
What is the greatest common factor of 3 and 9855531?
3
What is the greatest common factor of 10 and 39229480?
10
Calculate the highest common factor of 18877089 and 8855.
1771
What is the greatest common divisor of 969 and 52911021?
51
Calculate the greatest common factor of 195972 and 119868.
84
Calculate the greatest common factor of 190295 and 20755.
35
Calculate the greatest common divisor of 1536825 and 465.
465
What is the greatest common divisor of 1288 and 1415926?
46
Calculate the greatest common divisor of 1536 and 4051392.
192
Calculate the greatest common factor of 25589501 and 92.
23
What is the highest common divisor of 188 and 285748?
4
What is the highest common divisor of 1586 and 102894922?
1586
Calculate the greatest common factor of 205 and 11222643.
41
What is the highest common factor of 965123 and 1763497?
5053
What is the highest common factor of 736 and 10657648?
368
Calculate the highest common factor of 127590 and 13110.
30
What is the greatest common factor of 1214360 and 5656?
56
Calculate the highest common factor of 1875 and 315474375.
1875
Calculate the highest common factor of 61461 and 61767.
9
Calculate the greatest common divisor of 83533 and 43794.
811
Calculate the greatest common divisor of 523788 and 2616.
12
Calculate the greatest common factor of 6197667 and 3591.
399
What is the greatest common factor of 125195 and 615685?
1715
What is the highest common factor of 121563636 and 4?
4
Calculate the highest common factor of 39520 and 495482.
494
Calculate the highest common factor of 169412352 and 2304.
768
What is the greatest common divisor of 2035920 and 2890?
170
What is the greatest common divisor of 6815844 and 252?
252
Calculate the highest common divisor of 618688101 and 3.
3
What is the greatest common divisor of 17975292 and 36?
12
What is the highest common divisor of 3260 and 317598980?
3260
What is the highest common divisor of 242 and 15823291?
121
What is the highest common divisor of 2513450 and 1040?
10
What is the highest common factor of 493 and 17038080?
493
Calculate the highest common factor of 35 and 4357115.
35
Calculate the highest common factor of 48 and 13127072.
16
Calculate the greatest common factor of 71772 and 1086.
6
Calculate the highest common factor of 246786 and 330.
6
Calculate the greatest common factor of 262968892 and 114.
38
Calculate the greatest common divisor of 142969298 and 14521.
1117
Calculate the greatest common divisor of 5098170 and 14560.
70
What is the highest common factor of 667 and 30225910?
23
Calculate the highest common factor of 346428 and 68928.
12
What is the highest common factor of 17536 and 2938240?
128
Calculate the highest common divisor of 5012 and 91160762.
2506
Calculate the greatest common divisor of 13288693 and 502.
251
What is the greatest common factor of 5210460 and 2025?
135
What is the greatest common factor of 17275 and 12050?
25
What is the greatest common divisor of 14555 and 988320?
355
Calculate the greatest common factor of 91 and 576979.
13
Calculate the highest common factor of 124 and 219167923.
31
What is the highest common divisor of 616 and 15064511?
77
What is the greatest common divisor of 230 and 7914190?
10
What is the highest common factor of 92858 and 741878?
58
Calculate the greatest common divisor of 16770990 and 42630.
870
Calculate the highest common divisor of 460 and 77931820.
460
Calculat